tens digit of x(c)?
3
Suppose r + 63051 = 3*d, 4*d + 167*r - 84060 = 171*r. What is the units digit of d?
8
Let p be (-112)/(-3)*(-9)/(-6). Let n = 251 - p. Suppose 5*i + 5*l - 269 = 196, -5*l = 2*i - n. What is the tens digit of i?
9
Let y = 381 - 260. Let x = y + 154. What is the units digit of x?
5
Let b = -12293 - -26897. What is the units digit of b?
4
Suppose j = 4*j - g - 33359, 4*j - 44476 = 2*g. Suppose -j + 1518 = -11*z. What is the tens digit of z?
7
Let a(f) = -2*f - 14*f - 1 - 11*f. Let b be 335/(-201)*(-6)/(-2). What is the units digit of a(b)?
4
Let i = -32693 + 62314. What is the units digit of i?
1
Suppose -2*v + 5*i = -11891, 138 = 2*i + 132. What is the hundreds digit of v?
9
Let k(j) = -5*j**3 + 4*j**2 + 3*j - 1. Let b be k(-1). What is the thousands digit of (-3192)/(-2) - (-14 + b)?
1
Let s = -315 + 446. Let z = -63 + s. Let u = z - 2. What is the units digit of u?
6
Suppose -4*n - 3560 = -9*n. Suppose i + n = 3*i. What is the units digit of i?
6
Suppose 0 = 3*g - 5*m + 3 - 41, 0 = -4*g + 2*m + 32. Let f(c) = 2*c - 7. Let u be f(g). Suppose u*j - 212 = 78. What is the tens digit of j?
5
Let o(k) be the second derivative of 3*k**5/20 - 19*k**4/12 + 5*k**3/3 + 12*k**2 + 151*k. What is the units digit of o(7)?
2
Suppose -3*p = 3*b + b - 53149, 5*p - 88625 = 2*b. What is the units digit of p?
3
Let n(u) = 912*u**2 + 256*u + 509. What is the units digit of n(-2)?
5
Let a(f) = -f**3 - 15*f**2 + 8*f + 8. Let i = -128 + 113. Let w be a(i). Let y = 204 + w. What is the units digit of y?
2
Let i(d) = -d**3 - 5*d**2 - 4*d - 4. Let h be i(-4). Let r be 4*(-3 + (-42)/(-24)). What is the units digit of -1 + (2260/r)/h?
2
Suppose -997 - 1763 = -138*y. Suppose -3*c + 176 = -25. Let u = c - y. What is the tens digit of u?
4
Suppose -3*u - 2*u + 2925 = 0. Let v be (1 - 1) + 3/1. Suppose -2*q - 3*q = -v*m - u, 4*m = 4*q - 468. What is the units digit of q?
7
Let t be ((-23)/4)/(2/(-48)). Suppose 4*x + t + 118 = 0. Let v = -31 - x. What is the units digit of v?
3
Let g be (-32)/(-112) - 725/(-35). What is the tens digit of 1588 - -1 - g/(-3)?
9
Let r = -9590 + 19745. What is the ten thousands digit of r?
1
Let x(f) = 3*f**3 + 4*f**2 + 7*f - 7. Suppose 8*q = -174 + 662. Let d = q + -57. What is the units digit of x(d)?
7
Let n be -3 - (4/(-4) + -10). Let h(x) = 66*x**2 - n*x**2 + x + 11*x**2 - 1. What is the units digit of h(-1)?
7
Let f(m) = m**3 - 4*m**2 + 2*m + 6. Let i be f(3). Suppose 10 - 5 = j, -i*p - 5*j = -1114. What is the units digit of p?
3
Suppose -103*n - 975878 = -122*n. What is the ten thousands digit of n?
5
Let h be -4*(4/16 + (-10)/8). Let p(o) = -5*o + 12. Let n be p(h). Let w(c) = c**3 + 7*c**2 - 11*c + 5. What is the tens digit of w(n)?
2
Let g(m) = 15*m - 28. Let s(i) = -5026*i + 6*i**2 + 5043*i - i**3 + 1 + 3. Let n be s(8). What is the hundreds digit of g(n)?
1
Let s(f) = 139*f - 155. What is the units digit of s(15)?
0
Let m = 14 - 4. Let i = 16 - m. Suppose 9*a = i*a + 216. What is the tens digit of a?
7
Let s = -37 - 21. Let o = s + 62. Suppose 148 - o = 2*h. What is the units digit of h?
2
Suppose 2389 - 8670 = 11*k. Let y = k + 609. What is the tens digit of y?
3
Suppose 3*c = 2*m - 16, -4*m = 8 - 4. Let v be (-42)/35*20/c. Suppose -v*q + 213 = -107. What is the units digit of q?
0
Suppose 5*i + 2*l = 132, 2*l + 128 = 5*i + 5*l. Suppose i*a - 10242 = 20894. What is the thousands digit of a?
1
Let s = -4064 - -23017. What is the hundreds digit of s?
9
Let x be (1*-1)/((-7)/14) + 28. Suppose -4*p - x = 30. Let d = 155 + p. What is the units digit of d?
0
Suppose 0 = 85*v - 337341 - 556264. What is the hundreds digit of v?
5
Let g = -173 + 173. What is the tens digit of (-374 - -14)*(g + -2)?
2
What is the tens digit of -2 + (250/100)/(2/2388)?
8
Let s(v) = v**3 - 12*v**2 - 14*v + 17. Let o be s(13). Suppose o = -q - 56. What is the hundreds digit of 20/3*64/q*-18?
1
Let v(z) = -59*z**3 - z**2 + 2*z - 2. Let d be v(1). Let y be 3/4 + (-495)/d. What is the tens digit of (-1 - -12)*(-3)/(y/(-30))?
1
Let c be (-280)/84*(-3)/5. Suppose 4*i = -2*n + c + 16, 2*i + 6 = 4*n. Suppose -4*l = -8, n*q = -q + 5*l + 530. What is the tens digit of q?
3
Let t(m) = -4*m**3 + 32*m**2 - 4*m + 70. Let o be t(14). What is the thousands digit of o/3*60/(-50)?
1
Let w = 7748 + 31829. What is the tens digit of w?
7
Suppose -7*w = -172 + 25. What is the thousands digit of (-55 - 8/(-2))/(w/(-518))?
1
Let b(l) = 798*l**2 + 2*l + 2. Let y = -153 + 152. What is the tens digit of b(y)?
9
Let f(z) = 6*z**2 + 4*z + 14. Let v be f(-2). Suppose v*x - 31*x = -976. What is the tens digit of x?
7
Let r be ((-5)/(-2))/(1/2). Suppose 0*p = r*p - 10. What is the tens digit of (p/(-3))/((-16)/1752)?
7
Let c(i) = -i**2 + 14*i - 4. Let j be c(14). Let s be 2/j + (-4)/(-8)*7. Suppose 0*x - 91 = -2*x + s*d, 0 = -d + 1. What is the units digit of x?
7
Suppose -2*a = -7*o + 3*o + 118, 4*a + 76 = 3*o. Let r be (o/32)/((-2 - 0)/14). Let x(t) = t**3 + 7*t**2 - 11*t - 10. What is the tens digit of x(r)?
6
Let c = -253 + -310. Let p = c - -849. What is the tens digit of p?
8
Let x(v) = 27*v**2 - 237*v - 2. What is the hundreds digit of x(-16)?
7
Suppose -54 - 106 = 4*u. What is the units digit of (0 + -41)*(-21 - u/4)?
1
Suppose 3*z + 11 - 31 = t, 0 = 2*z + 4*t - 32. Let u(w) = 74*w + 2. What is the hundreds digit of u(z)?
5
Let g(s) = 4*s**2 + 208*s - 4853. What is the thousands digit of g(35)?
7
Let n = -55 + 52. Let c be n/(-5) - 97/(-5). What is the units digit of (1 + (-39)/(-6))*72/c?
7
Let k(l) = 1143*l**2 + 11*l - 9. Let p(v) = -2288*v**2 - 22*v + 18. Let q(c) = 5*k(c) + 2*p(c). What is the hundreds digit of q(1)?
1
Let y = 503 - 499. Suppose -4*g = y*d - 920, -56*g + 1162 = 5*d - 57*g. What is the tens digit of d?
3
Let c(y) be the first derivative of 313*y**3/3 + 2*y**2 - y + 39. What is the hundreds digit of c(1)?
3
Suppose 73*j = 25*j + 502992. Suppose -5*l = -12*l + j. What is the tens digit of l?
9
Let z(h) be the first derivative of 25*h**4/4 - 13*h**3/3 - 5*h**2/2 - 7*h - 111. What is the tens digit of z(4)?
6
Suppose 5*g = d + 22 - 4, -5*d - 24 = -3*g. Let v be 4/g*36/(-24). What is the hundreds digit of (2/v)/(3 + 796/(-265))?
2
Suppose 0 = 4*g - 2*g - 26. Let j = 2044 - 2044. Suppose -7*k + g*k - 150 = j. What is the tens digit of k?
2
Let x(g) = -92*g + 20. Let v(d) = -3*d - 15. Let n be v(-3). Let t be 1 - -2 - 3/n*-10. What is the units digit of x(t)?
4
Suppose -i = -5*p - 20757 - 11504, 0 = -i - p + 32213. What is the hundreds digit of i?
2
Let p = 93 - -370. Suppose 14*d = -15 + p. What is the units digit of d?
2
Let t be 3*1*1064/(-57). Let a = t - -56. Let c = a + 159. What is the units digit of c?
9
Let x be ((-341)/4)/(5/20). Let g = -173 - x. Suppose -4 = u, -10 = 2*j + 5*u - g. What is the tens digit of j?
8
Let f(p) = -p**2 - 13*p - 10. Let k be f(-12). Suppose -4*n + 8 = -5*s + k, 3*n = s + 10. Suppose -302 - 222 = -n*y. What is the hundreds digit of y?
1
Let f(d) = -1. Let a(u) = -u**2 - 18*u - 7. Let s(r) = -a(r) - 3*f(r). What is the hundreds digit of s(11)?
3
Let m = 133800 + -80268. What is the thousands digit of m?
3
Let w = -6611 - -38290. What is the thousands digit of w?
1
Let n = 22 - 20. Suppose -2*g = n, 5*s + 5*g - 1377 = -262. What is the tens digit of s?
2
Let h = 22931 + -16165. What is the tens digit of h?
6
Suppose 2*g + 155 - 2515 = 0. Let z = -674 + g. Suppose 370 = 3*q + 2*v, -4*q + z - 22 = 5*v. What is the units digit of q?
6
Suppose 4*j - 4*w = 38348, 148*j - 4*w + 47989 = 153*j. What is the units digit of j?
3
Suppose 24 = 2*h + 2*h. Let s = -63 - -63. Suppose 0 = -2*g + 2 - s, -3*g - h = -q. What is the units digit of q?
9
Suppose -n - 7 = -49. Suppose -n = -13*i + 10*i. Suppose i = -4*w - 5*k + 91, 15 = w - 3*k. What is the tens digit of w?
1
Let t(n) = n**3 + 8*n**2 + 13*n - 4. Let h be t(-6). What is the tens digit of 64/(-80) + ((-3468)/h - 2)?
4
Let d(s) = -s**2 + 5*s + 5. Let f be d(6). Let r be f/(-3) + 121/33. Suppose a + 0*h - 85 = 3*h, r*a - 361 = 5*h. What is the units digit of a?
4
Suppose 4 = j - 4*l, 5*j - 2*l + 3*l - 41 = 0. Suppose -1242 = -j*d + 1550. What is the hundreds digit of d?
3
Let u be 2*8/4 - -49. Suppose -4*s - 17 + u = 0. Let g = 20 + s. What is the units digit of g?
9
Let h(